m and w.
10
Suppose -s + 80 = -5*l, 0*s = 5*s - 4*l - 316. Let r = 105 - s. Calculate the highest common factor of r and 5.
5
Suppose -25 = -3*s - 3*g + 4*g, -22 = -2*s - 2*g. Let d be ((s/4)/3)/((-33)/(-176)). What is the highest common divisor of 46 and d?
2
Suppose 7838*r - 1107 = 7829*r. Calculate the greatest common divisor of 7093 and r.
41
Let x be 756/594*((-44)/(-8) - 0). What is the greatest common factor of 39 and x?
1
Let p(v) = -v**2 + 15*v - 25. Let g be (-1)/(-2)*6 - (-10 + 2). Let c be p(g). Suppose n = 2 + 1, 4*f - n = 681. What is the greatest common divisor of f and c?
19
Let w = 5393 - 4901. Calculate the greatest common factor of 24 and w.
12
Let r = -1039 + 1279. Let c = -26 - -37. Suppose 13*v - c*v - 24 = 0. Calculate the highest common factor of r and v.
12
Suppose -3*u - 38 = -2*f + 2*u, -2*f = 2*u - 52. Let a be 18/(-4)*(-12)/6. Let d be a*((-640)/15)/(-4). Calculate the highest common factor of d and f.
24
Let q be (-5)/((-5)/(-4)) + (24 - -7). Suppose q = -c + 93. Let a(z) = -2*z - 4. Let f be a(-5). What is the highest common divisor of c and f?
6
Let b be 5/(-35) + (-15108)/84. Let c be 8834/20 + (-54)/b. What is the greatest common divisor of c and 13?
13
Let s(j) = 2*j**3 - 41*j**2 - 7*j - 268. Let p be s(21). Calculate the highest common factor of 2158 and p.
26
Let x(a) = -2*a**2 - 4*a + 14. Let z be x(-12). Let o(r) = -18*r**2 + 10*r + 12. Let f be o(-4). Let h = z - f. What is the highest common factor of h and 20?
10
Suppose -9207 = -5211*z + 5180*z. Calculate the highest common divisor of z and 22.
11
Let n be -1 - 6 - ((-7392)/(-8))/(-12). What is the highest common divisor of 40 and n?
10
Let u be (4 - 9/2)*-2. Let y(h) = 2*h. Let w be y(u). Suppose -q = 4*q - g - 246, -w*g = 4*q - 208. Calculate the greatest common factor of 125 and q.
25
Let r(u) = 2*u**2 - 429*u - 5388. Let x be r(-12). Let p(c) = 21*c - 6. Let n be p(6). What is the highest common divisor of x and n?
24
Suppose -267*f = -20*f - 9386. Calculate the greatest common divisor of 3933 and f.
19
Let t = 62 + -70. Let g(w) = w**2 - 8*w + 9. Let o be g(8). Let q be (o*6/(-24))/(1/t). What is the highest common factor of q and 198?
18
Let z be (-118)/6*(6 - 5*(-189)/(-15)). What is the greatest common divisor of 133 and z?
19
Let z = 489 + 23. What is the highest common divisor of z and 208?
16
Let z(d) = -d**3 + 5*d + 35. Let v be z(-8). Suppose 1097 - 395 = 18*b. Calculate the highest common divisor of b and v.
39
Suppose -2*q + 2124 = -4*a, 36*a - 40*a + 1026 = q. Calculate the highest common factor of 168 and q.
42
Let j(x) = 8*x + 17. Let u = 27 - 25. Suppose -5*h - 8 = -g, 2*g - 3*h = 21 + u. Let r be j(g). What is the greatest common factor of r and 11?
11
Let s(b) = b**2 - 51*b + 14. Let t be s(-40). Suppose -k + p = -1223, 5*p = -3*k + 3*p + t. Calculate the highest common divisor of 20 and k.
20
Let o(u) = 58*u**2 + 2. Let m be o(-2). Let n(h) = 53*h**2 + 516*h + 517. Let y be n(-1). Calculate the greatest common divisor of m and y.
18
Let v(l) = 39*l**3 + 4*l**2 - 9*l + 14. Let y be v(2). Calculate the greatest common divisor of 396 and y.
36
Let x(r) = 132*r - 80. Let z be x(41). Calculate the greatest common factor of z and 124.
124
Suppose -17*w = -21*w + 12. Suppose w*y - 51 = -m, 2*y = -0*y + 10. What is the highest common factor of m and 252?
36
Suppose 0 = 4*g - 16, -13444 = -2*w - 3649*g + 3645*g. Calculate the greatest common factor of w and 12.
6
Suppose -5 = a, -4*a = -3*v - 0*v + 20. Suppose -12*l + 26*l - 1680 = v. Let i = 17 - -7. What is the highest common divisor of l and i?
24
Suppose g + 41 = 74. Let n be 11/(-121) + 69/g. Calculate the highest common factor of 16 and n.
2
Suppose -3*g = 9*s - 234, -5*g + 2*s + s + 462 = 0. What is the highest common factor of 70 and g?
10
Let a(z) = 24*z + 342. Let h be a(-13). Let v(u) = -u**3 + 31*u**2 - 30*u + 68. Let r be v(h). What is the highest common divisor of 374 and r?
34
Let u = -15767 + 15830. What is the greatest common divisor of 896 and u?
7
Let x be (-92)/16 + (-2 - 7/(-4)) + 127. Calculate the highest common divisor of 9 and x.
1
Let g(v) = 26*v - 6. Let n be g(6). Suppose 4*c = 10 + n. Suppose r + 2*a - 18 = 0, -10 + 0 = -2*a. What is the highest common divisor of c and r?
8
Let i be (-92)/(-5) - 6/15. Suppose 16*z = 14*z + 370. Let q = -167 + z. What is the highest common factor of i and q?
18
Let m(j) be the third derivative of -j**5/60 + 5*j**4/8 + 7*j**3/2 - 178*j**2. Let p be m(9). Calculate the greatest common divisor of p and 225.
75
Let p(v) = 3383*v + 262. Let o be p(1). Calculate the highest common factor of 216 and o.
27
Let h be (1 - -2)*(-5)/(-3). Suppose -h*x + 115 = 5*r, 4*r - x = 94 - 7. Calculate the highest common divisor of r and 66.
22
Let g(y) = y**2 + 3*y + 2. Let z be g(-8). Let q(s) = 12*s + 96. Let t be q(6). Calculate the greatest common divisor of t and z.
42
Let w be (12 - (-653345)/(-70))/(((-3)/2)/3). What is the highest common divisor of w and 181?
181
Let n(u) = 7*u - 453. Let y be n(67). Suppose 43 + 73 = 2*g. Suppose 2*f + 100 = 2*s, 5*f = 3*s - 2*s - g. What is the greatest common factor of y and s?
16
Let z be 14 + 1 - 1/1. Let x be (5 - 0)*(-2028)/30. Let l = x + 394. What is the greatest common factor of l and z?
14
Let i(v) = 4*v + 68. Let p be i(-15). Let u(j) = 10*j - 56. Let w be u(p). What is the greatest common divisor of 24 and w?
24
Let u be 198/24*1248/18. Let g = -1099 + 1143. What is the highest common divisor of g and u?
44
Let l be 1008/(-10)*140/(-112). Calculate the greatest common factor of 6762 and l.
42
Suppose 2*h + 7 = 3*x, h = -10*x + 5*x + 3. Let l be h/(8 + (-137)/17). Let q(v) = v**2 + v - 8. Let t be q(6). Calculate the greatest common factor of t and l.
34
Let j(x) = 98*x**3 - x**2 - 5*x + 6. Let z be j(3). Calculate the greatest common factor of z and 72.
36
Let h(x) = 2*x**2 + 147*x - 1866. Let o be h(14). What is the greatest common divisor of o and 152?
8
Let m be (280/(-168))/(3/(-675)). Calculate the highest common factor of 195 and m.
15
Let j = -3765 + 3875. What is the highest common factor of 400 and j?
10
Let x be (2 - 2) + 3 - -1 - 0. Suppose 6*u - 89 = u - x*f, 4*f = -u + 5. Let a = 23 + 5. What is the highest common divisor of u and a?
7
Let y(n) = 23*n + 3265. Let b be y(-107). Calculate the greatest common factor of 324 and b.
12
Suppose -q + 0*q = 1, 0 = n - 2*q. Let x(y) = -117*y - 13. Let r be x(n). What is the greatest common factor of 26 and r?
13
Let k = 51 - 1. Suppose 46*r - k*r - 8 = 0. Let t(v) = 16*v**2 - 5*v - 2. Let j be t(r). What is the greatest common factor of 180 and j?
36
Suppose 2*b - 188 = 174. Let o = -21 + b. Let l(q) = 4*q - 12. Let p be l(8). What is the greatest common factor of p and o?
20
Suppose -615*z - 2400 = -640*z. Calculate the highest common divisor of z and 928.
32
Suppose 0 = t - 2*t. Suppose -f = 3*s + 2*s - 157, 4*f + 12 = t. What is the greatest common divisor of 144 and s?
16
Suppose 0 = -143*o + 157*o - 378. What is the highest common factor of o and 201?
3
Suppose -8 = -4*u, 3*z - 142 = -4*u + 352. What is the greatest common divisor of z and 135?
27
Suppose -402 = -12*u + 9*u. Let w = -64 + u. Let o be (-72)/(-32)*(w - 2/1). Calculate the greatest common factor of o and 17.
17
Let d = 519 + 278. Let o = -787 + d. Calculate the highest common factor of o and 890.
10
Let c be (-141304)/(-119) - 9/((-189)/12). What is the greatest common divisor of 352 and c?
44
Let p be (4/3 + 98/147)*3. Suppose 2*d - p*s = -5*s + 31, d + s = 14. Let y(r) = -r + 7. Let n be y(4). What is the highest common factor of n and d?
3
Suppose 21*p - 72 - 12 = 0. Suppose 2*b - 107 - 413 = p*f, 506 = 2*b + 3*f. What is the highest common factor of 24 and b?
8
Let r be 65/52 + (-13)/4. Let t be r + 138/6 + -3. What is the highest common divisor of 2 and t?
2
Let r be (3493 - -17) + ((-24)/(-18))/((-8)/12). Calculate the highest common factor of 12 and r.
4
Let b(z) = -z**3 - 7*z**2 - 5*z - 2. Let m be b(-3). Let l be (78/390)/((-1)/265). Let k = m - l. Calculate the greatest common factor of 30 and k.
30
Suppose -10*m - 7039 = -1429. Let v = m - -603. Calculate the greatest common divisor of 266 and v.
14
Let l be ((-6)/9)/(54/(-59211)). What is the greatest commo